 3*q. Let s(g) = -2*g**2 + 4*g - 2. Give s(q).
-8
Let w(g) = g**3 - 2*g**2 + 3*g + 7. Let q(z) = z**3 - 3*z**2 + 4*z + 7. Let v(p) = -2*q(p) + 3*w(p). Calculate v(0).
7
Let b(y) be the second derivative of -y + 0*y**3 + 1/360*y**6 + 0 + 1/24*y**5 + 0*y**2 - 1/12*y**4. Let k(r) be the third derivative of b(r). What is k(-4)?
-3
Let f(q) be the first derivative of q**4/4 + 4*q**3/3 - 5*q**2/2 + 1. What is f(-5)?
0
Let t(j) = j - 2. Let i = -4 + 5. Let g be -2 + i + 16/2. Let n be t(g). Let v(m) = m**3 - 5*m**2 + 2*m - 7. What is v(n)?
3
Let c(r) = -4*r - r + 16*r - 13 - r**2. Let q be c(9). Suppose m - 20 = -5*h, -q*h + 14 = 3*m - 6. Let n(f) = -f**3 + 5*f**2 - 4*f - 4. What is n(h)?
-4
Let c(j) = -2*j + 13. Let t(v) = -3*v + 14. Let d(h) = 6*c(h) - 5*t(h). What is d(-6)?
-10
Let d(g) = -5*g - 9. Let l(x) = x + 2. Let j(b) = 2*d(b) + 9*l(b). Determine j(-7).
7
Suppose -4 = c + t, 5*c = 3*c - t - 3. Let j(o) = 1 - 35*o + 35*o - 13*o**2 + 5*o**2. Determine j(c).
-7
Suppose -3*b + 56 = b. Suppose 0 = 2*c + 2 + b. Let f = c + 3. Let h(x) = -x**3 - 4*x**2 + 6*x + 1. Determine h(f).
-4
Let f = 8 + -5. Let a = f - 0. Let s(w) = 2*w - 3. Determine s(a).
3
Let r(g) be the first derivative of g**5/120 - g**4/6 - g**3/3 + 2. Let t(k) be the third derivative of r(k). Calculate t(5).
1
Let m = -7 - 1. Let d be (40/(-12))/((-2)/(-3)). Let s(k) = 3*k + 16. Let g(x) = -5*x - 24. Let l(b) = d*g(b) + m*s(b). Give l(4).
-4
Let m be -5 + 6 + -2*1. Let p(z) = 10*z. Let v(u) = -5*u. Let w(k) = -3*p(k) - 5*v(k). Calculate w(m).
5
Suppose 0 = -3*t + 3*o + 18, -4*t - o + 15 + 9 = 0. Suppose 0 = -5*x + 2*x + t. Suppose -3 = 2*l + r - x*r, r + 1 = 0. Let y(f) = -3*f. Give y(l).
6
Let t = -1 - -5. Suppose 0*f + 12 = t*f. Let n(g) = -g**2 + 4*g - 2. Determine n(f).
1
Let f(l) = -11 + 11 + 2*l + 5 - l**2. What is f(4)?
-3
Let x(o) be the first derivative of -o**6/360 + o**5/20 - o**4/6 + o**3/3 - 2. Let g(c) be the third derivative of x(c). Give g(4).
4
Let g(h) = 3*h**2 + h. Let m be g(-1). Let b(x) be the second derivative of -1/6*x**3 + 0 + 1/2*x**2 - m*x. Calculate b(-1).
2
Let n(o) be the first derivative of -o**2/2 + 4*o - 5. Give n(5).
-1
Let g(n) = -n + 7. Let s be (-4)/(-18) + (-25)/(-9). Let p = s - -1. Suppose -u = -3*q + 19, 0 = -6*q + q + p*u + 34. Calculate g(q).
1
Let n(b) = -4*b**2 + 0*b - 5*b - 4 + 0*b + 5*b**2. Determine n(6).
2
Let g(w) = 13*w**3 + w**2 - 3*w. Let q(v) be the second derivative of -7*v**5/10 - v**4/12 + 2*v**3/3 + 5*v. Let n(s) = -3*g(s) - 2*q(s). Determine n(1).
-11
Let s(k) be the second derivative of -k**5/20 + 5*k**4/12 - k**3/2 - 3*k**2/2 - k. Let f = 2 + -5. Let i = f + 6. What is s(i)?
6
Suppose 4*s = -3 - 1. Let l be 8*(-2 - (-5)/2). Let y be 2/(s/l*-2). Let k(j) = -j**2 + 4*j - 2. What is k(y)?
-2
Let i(h) = -h**2 + 5*h + 13. Let z(l) = 1. Let a(w) = -i(w) + 6*z(w). Calculate a(6).
-1
Let t(m) = m**3 + 6*m**2 + 5*m + 4. Suppose 4*c - 15 = 7*c. Give t(c).
4
Let c(x) = -4*x**2 + x. Let v be -3 - (6/(-3) - 5). Suppose -5*p + 4*w = -v*p + 11, -p + 13 = 4*w. Give c(p).
-3
Suppose -5*p + 5 + 15 = 0. Let a(o) = 3*o + 4*o**3 - 3*o**3 + 5*o**2 + 1 - p*o + 4. Determine a(-5).
10
Let s = 0 - -2. Let o(z) = -s + 3*z - 5*z**2 + 3*z - 2*z**3 + 3*z**3. Suppose 2*p - 7*p + 20 = 0. Give o(p).
6
Let r be ((-4)/4)/(1 - 0). Let n(c) be the first derivative of -c**3/3 + c**2/2 - 2. Give n(r).
-2
Let h(b) be the second derivative of -b**6/120 - b**5/60 + b**4/6 + b**3/2 + b**2 + 4*b. Let m(x) be the first derivative of h(x). Determine m(-2).
-1
Let i be -2*1 + (8 - 1). Suppose -3*g - 2*o = -i*g - 4, 16 = -4*o. Let b(y) = 2*y + 8. Determine b(g).
-4
Let a be 1*(0 + (1 - 1)). Let l(y) = 3*y. Let n(o) = o. Let f(h) = -2*l(h) + 5*n(h). Determine f(a).
0
Let w(o) = o - 14. Let g(s) = -s + 13. Let k(r) = -5*g(r) - 4*w(r). What is k(8)?
-1
Let q(i) = 13*i**3 + 13*i**2 - 17*i - 13. Let l(w) = -3*w**3 - 3*w**2 + 4*w + 3. Let c(u) = 9*l(u) + 2*q(u). Give c(-2).
1
Let x(p) = p**3 - 5*p**2 + 7. Let g be 10/(-35) + 74/14. What is x(g)?
7
Let k(y) = 2*y**2 + 3*y - 4. Let x = -105 + 102. Give k(x).
5
Suppose 2 = n - 0*n. Let v(d) = d**2 + d**2 - 1 + n - d. Give v(2).
7
Let k(o) = 10*o**3 - o**2 + o. Let u(v) = -13*v**3 + v**2 - v - 1. Let x be u(-1). Suppose y + 3 = 4*y, 5*i - y = x. Suppose -3*q + 0 + i = 0. Calculate k(q).
10
Suppose 1 = d - 2. Let s(h) be the third derivative of -h**5/60 + h**4/6 + 3*h**2. Give s(d).
3
Let v(a) = a**3 + 6*a**2 - 2. Let p(o) = 5*o**2 - 23*o + 9. Let x be p(4). Give v(x).
25
Let g = 5 + -3. Suppose p + 5 = -3*a - g, -4 = -5*p - 2*a. Let i(r) = -2*r**2 + 2*r - 2. Determine i(p).
-6
Let x(p) = 8 + 3*p - 14 - 12*p - p**2. Determine x(-8).
2
Let i(x) be the second derivative of -x**5/20 + x**4/12 + x**3/2 - 3*x**2/2 + 3*x. Let w be i(2). Let t(k) = -3*k - 1. What is t(w)?
2
Suppose s - 7 = f, 4*f = 2*s + s - 23. Let b(y) = y**2 - 2*y - 7. Give b(s).
8
Let p(h) = -4*h + 41. Let o be p(9). Let i(r) = -r**2 + 6*r + 1. Determine i(o).
6
Let v(t) = -t**3 - 8*t**2 - 6*t + 3. Let m = -112 - -105. What is v(m)?
-4
Let c(r) be the third derivative of -r**9/60480 - r**8/6720 + r**7/1008 + r**6/360 - r**5/30 + r**2. Let x(b) be the third derivative of c(b). What is x(-4)?
-2
Let g(i) = -i**3 + 4*i**2 - 4*i + 1. Let v be 40/7 - (-2)/7. Let j(f) = f**2 + 7*f + 7. Let y be j(-5). Let p = y + v. Determine g(p).
-2
Let i(v) = 8*v**3 - v**2 + 1. Let h(o) = -o**2 + 13*o - 11. Let j be h(12). Calculate i(j).
8
Let l(b) = 6*b + 1. Suppose -4 = -2*t + t - 5*u, 0 = -2*t + 5*u + 8. Suppose t*y + 4 = 2*y. What is l(y)?
-11
Suppose -3*r = g + 2*g + 6, 3*g = -4*r - 12. Let v(m) = -m**2 - 7*m + 1. What is v(r)?
7
Let i(x) = 8*x + 1 - 12*x - 2 - x**2. Determine i(-5).
-6
Let z = 0 + 2. Let l(x) = -7*x - 31*x**2 - 1 + 32*x**z + 4 + x. Suppose 2*s - 16 = -2*p, 4*p + s = 3*s + 14. Calculate l(p).
-2
Let a(b) = b**2 + 4*b. Suppose t = -2*m - 38, 4*m - 3*m = -3*t - 14. Let s be 2*(-2)/4*m. Suppose -5*h + h = s. Give a(h).
5
Let m be (1 - 1)/(19 + -20). Let b(l) = -l + m*l + 3*l + 1. Give b(3).
7
Let j(y) = y + 1. Let n be j(-2). Let g(q) = 5*q - 1 - 1 + 3. Give g(n).
-4
Let t(n) = -n**3 - 5*n**2 - 4*n - 2. Let u be t(-4). Let d(x) be the second derivative of -2*x**3/3 - 3*x**2/2 - 4*x. Determine d(u).
5
Let s = 1 - 0. Let q be 0/s + (5 - 5). Let h(b) be the first derivative of b**3/3 + b**2/2 - 8*b - 1. Give h(q).
-8
Let w(r) = -3*r**2 - r. Let m be w(-1). Let f be m - -2 - (3 + 2). Let v = -2 - f. Let d(x) = -x**3 + 4*x**2 - 3*x + 1. What is d(v)?
1
Suppose 5*z + 14 - 389 = 0. Let o be (-1)/4 - z/(-12). Suppose -4*v = o + 2. Let f(q) = q**3 + q**2 - 3*q - 3. What is f(v)?
-1
Let u(i) = 3*i + 2*i**2 - 2*i + i - 7 + 5. Determine u(-2).
2
Let l be (-3)/(1 + (-21)/12). Let k(x) = -x**3 + 5*x**2 - 4*x - 3. Determine k(l).
-3
Let m(p) = p - 1. Let c(k) = -k**2 + 2*k. Let d(f) = -c(f) + 4*m(f). Give d(-4).
4
Suppose 0 = 4*g + 2*s - 4, -4*g + 3*s - 5 = -19. Let m(u) = -g*u**2 - 4*u + 6*u**2 - 1 + 2*u. Let v(t) = t - 3. Let f be v(2). Determine m(f).
5
Let x(m) be the third derivative of 5*m**4/24 - m**3/2 - 2*m**2. Let n = 4 - -7. Let r(b) = 14*b - 8. Let h(l) = n*x(l) - 4*r(l). Determine h(2).
-3
Let a(z) be the first derivative of -z**3/3 - 2*z**2 + 4*z - 47. Give a(-5).
-1
Suppose 0 = -4*b + 24 + 4. Let x be 60/14 - 2/b. Let f(w) = -w - 4 + x + w**2. Calculate f(1).
0
Let d(z) be the first derivative of z**2/2 - 2*z + 7. Determine d(4).
2
Let z(f) = f + 1. Let u be (0/(-1) + (-7)/(-2))*6. Let t(v) = -16*v**2 + v. Let h be t(1). Let b = u + h. Calculate z(b).
7
Let r(x) be the first derivative of x**4/4 + 2*x**3/3 - 5*x**2/2 + 2*x - 4. What is r(-4)?
-10
Let v be (-6)/(2 - -1) - 2. Let i be 74/(-14) - v/14. Let j(y) = -2*y**2 - y + 3. Let s(g) = -g**2 - g + 2. Let b(d) = 2*j(d) - 5*s(d). What is b(i)?
6
Let b(d) = d - 13. Let u be b(9). Let o(k) = -k**2 - 4*k + 2. Calculate o(u).
2
Let i(c) = 4*c**2 - 7*c**2 + 2*c**2 - 17 - 14*c. Let d be i(-13). Let k(b) = 5*b + 5. Let p(r) = -4*r - 5. Let o(n) = 3*k(n) + 4*p(n). Give o(d).
-1
Let k(a) be the first derivative of -1 + 3/2*a**2 + a. Suppose 0 = 5*p - 6 - 4. Give k(p).
7
Let t(p) be the third derivative of -p**6/120 + 7*p**5/60 - p**4/4 + 4*p**3/3 + 23*p**2. Determine t(6).
8
Let f(t) be the first derivative of -t**4/4 - 